 2032.
52
What is the remainder when 3249945 is divided by 322?
321
What is the remainder when 778040 is divided by 271?
270
Calculate the remainder when 7521 is divided by 210.
171
Calculate the remainder when 4579 is divided by 12.
7
What is the remainder when 387095 is divided by 127?
126
What is the remainder when 1453 is divided by 422?
187
What is the remainder when 19662 is divided by 9824?
14
Calculate the remainder when 953384 is divided by 5.
4
Calculate the remainder when 167326 is divided by 146.
10
Calculate the remainder when 4773 is divided by 37.
0
What is the remainder when 38650 is divided by 128?
122
What is the remainder when 12108 is divided by 637?
5
What is the remainder when 6098 is divided by 90?
68
What is the remainder when 1053 is divided by 1014?
39
What is the remainder when 38506 is divided by 262?
254
What is the remainder when 7420 is divided by 396?
292
Calculate the remainder when 431 is divided by 118.
77
What is the remainder when 390 is divided by 268?
122
Calculate the remainder when 229094 is divided by 27.
26
Calculate the remainder when 9141 is divided by 86.
25
What is the remainder when 14863 is divided by 256?
15
What is the remainder when 1785872 is divided by 66143?
11
What is the remainder when 694828 is divided by 69?
67
Calculate the remainder when 43666 is divided by 8.
2
What is the remainder when 110399 is divided by 24?
23
What is the remainder when 10898 is divided by 460?
318
Calculate the remainder when 42037 is divided by 8385.
112
Calculate the remainder when 124774 is divided by 24952.
14
What is the remainder when 115447 is divided by 5772?
7
Calculate the remainder when 4381101 is divided by 884.
881
What is the remainder when 8242 is divided by 862?
484
Calculate the remainder when 1734 is divided by 241.
47
Calculate the remainder when 3750063 is divided by 289.
288
What is the remainder when 366 is divided by 186?
180
What is the remainder when 22132 is divided by 2451?
73
Calculate the remainder when 313785 is divided by 22.
21
What is the remainder when 126374 is divided by 126366?
8
Calculate the remainder when 6385 is divided by 920.
865
Calculate the remainder when 171107 is divided by 10.
7
What is the remainder when 682994 is divided by 496?
2
What is the remainder when 17835 is divided by 680?
155
What is the remainder when 1997 is divided by 18?
17
What is the remainder when 21905 is divided by 204?
77
What is the remainder when 12241 is divided by 50?
41
What is the remainder when 339296 is divided by 26?
22
What is the remainder when 6770 is divided by 3344?
82
What is the remainder when 1441 is divided by 78?
37
Calculate the remainder when 642 is divided by 562.
80
What is the remainder when 27708 is divided by 48?
12
Calculate the remainder when 1454 is divided by 642.
170
Calculate the remainder when 13124 is divided by 15.
14
Calculate the remainder when 130853 is divided by 16348.
69
What is the remainder when 2378 is divided by 17?
15
What is the remainder when 70132 is divided by 444?
424
Calculate the remainder when 103917 is divided by 2309.
12
What is the remainder when 7522 is divided by 252?
214
What is the remainder when 89455 is divided by 7452?
31
Calculate the remainder when 2924 is divided by 16.
12
What is the remainder when 1728863 is divided by 619?
615
Calculate the remainder when 11535 is divided by 1513.
944
What is the remainder when 114023 is divided by 144?
119
What is the remainder when 88343 is divided by 406?
241
Calculate the remainder when 8026 is divided by 1002.
10
Calculate the remainder when 2567 is divided by 20.
7
What is the remainder when 45699 is divided by 261?
24
Calculate the remainder when 46468 is divided by 13.
6
What is the remainder when 15589 is divided by 312?
301
What is the remainder when 592498 is divided by 395?
393
What is the remainder when 1432 is divided by 691?
50
Calculate the remainder when 86684 is divided by 17335.
9
What is the remainder when 7319 is divided by 1639?
763
What is the remainder when 11432 is divided by 5067?
1298
What is the remainder when 8111 is divided by 22?
15
What is the remainder when 1264799 is divided by 102?
101
What is the remainder when 4642 is divided by 1495?
157
Calculate the remainder when 21401 is divided by 26.
3
Calculate the remainder when 3094 is divided by 107.
98
What is the remainder when 178056 is divided by 59352?
0
Calculate the remainder when 3470 is divided by 917.
719
What is the remainder when 6055 is divided by 224?
7
What is the remainder when 16000 is divided by 3592?
1632
Calculate the remainder when 299 is divided by 276.
23
Calculate the remainder when 24789 is divided by 10.
9
What is the remainder when 695923 is divided by 9?
7
Calculate the remainder when 431 is divided by 189.
53
What is the remainder when 55616 is divided by 60?
56
What is the remainder when 130128 is divided by 156?
24
What is the remainder when 29558 is divided by 9491?
1085
What is the remainder when 4401 is divided by 2198?
5
Calculate the remainder when 12811 is divided by 4207.
190
What is the remainder when 19187 is divided by 3828?
47
What is the remainder when 318 is divided by 132?
54
Calculate the remainder when 16668 is divided by 5543.
39
What is the remainder when 35676 is divided by 3963?
9
Calculate the remainder when 9129 is divided by 4350.
429
Calculate the remainder when 2109442 is divided by 1079.
1076
Calculate the remainder when 10863 is divided by 3606.
45
What is the remainder when 712444 is divided by 176?
172
Calculate the remainder when 3277 is divided by 1563.
151
Calculate the remainder when 2251 is divided by 1329.
922
What is the remainder when 14129 is divided by 506?
467
Calculate the remainder when 66988 is divided by 30.
28
Calculate the remainder when 2972 is divided by 66.
2
What is the remainder when 3828 is divided by 52?
32
Calculate the remainder when 78026 is divided by 91.
39
What is the remainder when 13177 is divided by 22?
21
What is the remainder when 1909114 is divided by 198?
196
Calculate the remainder when 5013 is divided by 2188.
637
Calculate the remainder when 507 is divided by 240.
27
Calculate the remainder when 663 is divided by 111.
108
What is the remainder when 178550 is divided by 59514?
8
What is the remainder when 18737 is divided by 1103?
1089
What is the remainder when 13204 is divided by 357?
352
What is the remainder when 8158 is divided by 446?
130
What is the remainder when 36654 is divided by 36605?
49
What is the remainder when 3847 is divided by 1281?
4
What is the remainder when 82921 is divided by 152?
81
Calculate the remainder when 114574 is divided by 66.
64
Calculate the remainder when 13756 is divided by 60.
16
Calculate the remainder when 2612 is divided by 85.
62
What is the remainder when 1814 is divided by 568?
110
What is the remainder when 522949 is divided by 261471?
7
What is the remainder when 132 is divided by 95?
37
Calculate the remainder when 1614352 is divided by 49.
47
Calculate the remainder when 9225 is divided by 219.
27
What is the remainder when 4112 is divided by 790?
162
What is the remainder when 57162 is divided by 4083?
0
What is the remainder when 22195 is divided by 1354?
531
What is the remainder when 18894 is divided by 141?
0
Calculate the remainder when 6907 is divided by 367.
301
What is the remainder when 14045 is divided by 746?
617
What is the remainder when 56093 is divided by 14000?
93
What is the remainder when 3136413 is divided by 24?
21
What is the remainder when 922 is divided by 388?
146
Calculate the remainder when 953 is divided by 120.
113
What is the remainder when 5714 is divided by 1813?
275
What is the remainder when 34611 is divided by 17298?
15
Calculate the remainder when 127050 is divided by 153.
60
What is the remainder when 3607075 is divided by 29?
26
What is the remainder when 3203 is divided by 870?
593
Calculate the remainder when 25264 is divided by 351.
343
Calculate the remainder when 2258 is divided by 384.
338
Calculate the remainder when 57595 is divided by 77.
76
What is the remainder when 238311 is divided by 544?
39
Calculate the remainder when 385319 is divided by 14.
11
What is the remainder when 456383 is divided by 35106?
5
Wha